tors of 170718366.
2, 3, 7, 13, 113, 2767
List the prime factors of 535357357.
19, 1499, 18797
What are the prime factors of 395622033?
3, 797, 165463
List the prime factors of 25039382.
2, 31, 403861
What are the prime factors of 561225543?
3, 47, 3980323
List the prime factors of 5771263223.
11, 97, 5408869
What are the prime factors of 294809749?
13, 22677673
What are the prime factors of 122325031?
122325031
List the prime factors of 3928218192.
2, 3, 4339, 6287
What are the prime factors of 20476790?
2, 5, 1279, 1601
What are the prime factors of 18528560?
2, 5, 231607
List the prime factors of 45714156.
2, 3, 17, 23, 9743
List the prime factors of 193455065.
5, 43, 899791
List the prime factors of 1729011805.
5, 345802361
What are the prime factors of 190479801?
3, 29, 1201, 1823
List the prime factors of 1209572627.
17, 1283, 55457
What are the prime factors of 588124831?
7, 84017833
What are the prime factors of 662060433?
3, 67, 73, 45121
List the prime factors of 690791344.
2, 43174459
What are the prime factors of 704186329?
7, 11, 79, 115763
What are the prime factors of 5382398396?
2, 13907, 96757
What are the prime factors of 783696875?
5, 13, 101, 191
What are the prime factors of 2575622184?
2, 3, 47, 139, 16427
List the prime factors of 4123861.
7, 589123
List the prime factors of 145779188.
2, 71, 513307
What are the prime factors of 7326598981?
13, 563584537
List the prime factors of 239743151.
239743151
List the prime factors of 360376188.
2, 3, 373, 80513
What are the prime factors of 17665869?
3, 13, 193, 2347
What are the prime factors of 11187460?
2, 5, 397, 1409
List the prime factors of 13136668.
2, 1699, 1933
What are the prime factors of 35985917?
11, 3271447
What are the prime factors of 1662995529?
3, 13, 379, 463
What are the prime factors of 57779910?
2, 3, 5, 23, 103, 271
What are the prime factors of 11795267?
11, 37, 73, 397
What are the prime factors of 735789905?
5, 1487, 98963
What are the prime factors of 360669902?
2, 180334951
What are the prime factors of 15658328?
2, 7, 279613
What are the prime factors of 175369763?
433, 405011
What are the prime factors of 112081318?
2, 56040659
List the prime factors of 462638832.
2, 3, 9638309
List the prime factors of 85473888.
2, 3, 23, 38711
What are the prime factors of 29557213?
7, 83, 50873
List the prime factors of 229553729.
31, 367, 20177
List the prime factors of 620345255.
5, 677, 183263
What are the prime factors of 681878619?
3, 17, 73, 61051
List the prime factors of 81073677.
3, 27024559
What are the prime factors of 40497488?
2, 2531093
What are the prime factors of 209467247?
11, 19042477
What are the prime factors of 35832811?
7, 41, 124853
List the prime factors of 2239699761.
3, 13, 373, 17107
List the prime factors of 1698803227.
11, 307, 571, 881
List the prime factors of 8775973.
8775973
List the prime factors of 426657914.
2, 213328957
What are the prime factors of 1754834855?
5, 67, 5238313
What are the prime factors of 325863835?
5, 11, 337, 17581
List the prime factors of 1368486475.
5, 31, 1765789
List the prime factors of 36764895.
3, 5, 29, 223, 379
What are the prime factors of 98158884?
2, 3, 17, 481171
List the prime factors of 2702341.
523, 5167
List the prime factors of 1267419263.
11, 19, 53, 114419
List the prime factors of 13505061.
3, 1693, 2659
What are the prime factors of 107523949?
13, 239, 34607
List the prime factors of 20557244.
2, 61, 173, 487
List the prime factors of 60258770.
2, 5, 11, 13, 42139
List the prime factors of 74541056.
2, 17, 2141
What are the prime factors of 1776713391?
3, 29, 6807331
List the prime factors of 1816317705.
3, 5, 23, 29, 379, 479
What are the prime factors of 113260237?
43, 367, 7177
List the prime factors of 107434134.
2, 3, 659, 3019
What are the prime factors of 1185027104?
2, 73, 507289
List the prime factors of 2130596807.
113, 1579, 11941
List the prime factors of 34384451.
34384451
What are the prime factors of 22831579?
4363, 5233
What are the prime factors of 139312788?
2, 3, 19, 32159
List the prime factors of 822774554.
2, 7, 71, 827741
List the prime factors of 884575809.
3, 13, 840053
What are the prime factors of 1491367323?
3, 19, 43, 83, 7331
What are the prime factors of 1852393211?
5783, 320317
List the prime factors of 1177689201.
3, 13, 30197159
List the prime factors of 34976227.
11, 13, 244589
List the prime factors of 6328760884.
2, 17, 3001, 31013
List the prime factors of 215109199.
215109199
What are the prime factors of 216074657?
1549, 139493
What are the prime factors of 2023699877?
6133, 329969
What are the prime factors of 349010763?
3, 23, 5058127
What are the prime factors of 18173282?
2, 1409, 6449
What are the prime factors of 21852475?
5, 874099
What are the prime factors of 60245088?
2, 3, 757, 829
What are the prime factors of 54373761?
3, 13, 51637
List the prime factors of 25338645.
3, 5, 563081
List the prime factors of 46431761.
59, 786979
What are the prime factors of 7733074?
2, 31, 37, 3371
What are the prime factors of 214213103?
13, 16477931
List the prime factors of 246256876.
2, 47, 1309877
List the prime factors of 46929811.
46929811
List the prime factors of 3338396003.
37, 179, 504061
What are the prime factors of 61503959?
11, 5591269
What are the prime factors of 50102524?
2, 12525631
What are the prime factors of 1919578143?
3, 7, 73, 103, 12157
What are the prime factors of 239174809?
787, 303907
What are the prime factors of 65588307?
3, 761, 28729
List the prime factors of 22436918.
2, 7, 1602637
What are the prime factors of 996602595?
3, 5, 66440173
What are the prime factors of 1689638293?
7, 6143, 39293
What are the prime factors of 1250007563?
7, 8377, 21317
What are the prime factors of 37286797?
17, 19, 241, 479
What are the prime factors of 3088151715?
3, 5, 11, 1701461
List the prime factors of 1203082653.
3, 401027551
List the prime factors of 94790768.
2, 127, 46649
What are the prime factors of 353911031?
37, 9565163
What are the prime factors of 31434201?
3, 37, 94397
List the prime factors of 311088868.
2, 587, 132491
What are the prime factors of 2113265224?
2, 7, 67, 439, 1283
List the prime factors of 399959356.
2, 5701, 17539
List the prime factors of 2126324869.
2126324869
What are the prime factors of 3199096085?
5, 639819217
List the prime factors of 692994368.
2, 11, 984367
List the prime factors of 45149863.
11, 557, 7369
List the prime factors of 28983880.
2, 5, 724597
List the prime factors of 246578343.
3, 11, 281, 26591
List the prime factors of 531708726.
2, 3, 88618121
List the prime factors of 2633497851.
3, 877832617
List the prime factors of 18058201.
7, 1279, 2017
What are the prime factors of 242182476?
2, 3, 17, 307, 1289
What are the prime factors of 371221498?
2, 73, 113, 22501
What are the prime factors of 355183787?
7, 1481, 34261
List the prime factors of 225812978.
2, 112906489
What are the prime factors of 3418036739?
13, 23, 11431561
List the prime factors of 14440450.
2, 5, 337, 857
List the prime factors of 76939876.
2, 13, 23, 2797
What are the prime factors of 43878384?
2, 3, 11, 27701
What are the prime factors of 5183729980?
2, 5, 11, 13, 43, 61, 691
List the prime factors of 107267002.
2, 3631, 14771
What are the prime factors of 87554411?
7, 12507773
What are the prime factors of 8427730910?
2, 5, 15329, 54979
List the prime factors of 1057868812.
2, 7, 11, 13, 431, 613
What are the prime factors of 157469650?
2, 5, 13, 242261
What are the prime factors of 867226303?
137, 6330119
List the prime factors of 31577397.
3, 239, 44041
List the prime factors of 320842962.
2, 3, 11, 23, 47, 1499
What are the prime factors of 347454439?
347454439
List the prime factors of 169544683.
7, 11, 179, 12301
What are the prime factors of 3503989404?
2, 3, 283, 343933
What are the prime factors of 1420308129?
3, 17, 347, 4721
List the prime factors of 2877791391.
3, 319754599
List the prime factors of 6133781346.
2, 3, 7, 11, 73, 181871
What are the prime factors of 297850243?
297850243
What are the prime factors of 287262432?
2, 3, 997439
What are the prime factors of 101772271?
43, 2366797
List the prime factors of 87605558.
2, 43802779
List the prime factors of 43448899.
13, 3342223
What a